 is s(19)?
-49
Let q = 5 - 3. Let r(i) = -5*i**2 - 3 + 4*i**2 - 2*i - 3*i**2 - q*i**2 + 9*i**2. Give r(-2).
13
Suppose -5*g - 2*b = -50, 13*g - 2*b = 12*g - 2. Let f(a) = 3*a - 9*a + 4*a - g*a. Calculate f(-1).
10
Let s(n) = 16*n**3 - 14*n**2 + 8*n + 2. Let r(i) = 13*i**3 - 12*i**2 + 7*i + 1. Let y(f) = -5*r(f) + 4*s(f). What is y(2)?
5
Suppose s - 420 = p, -p + 2105 = 5*s - 5*p. Let j(d) = 848*d**2 - s*d**2 + 1 - 6*d + 3*d**3 - 428*d**2 - 2*d**3. Determine j(6).
1
Let b(t) = -t**3 + 6*t**2 - 6*t + 3. Let l be (-63)/(-6)*(20/12 + 3). Let v = 52 - l. Suppose 2*c - 3*j = 5, c - 2*j = -v*c + 14. Calculate b(c).
11
Let b = 130 + 8. Let d(j) = -68 - 65 - 5*j + b. Calculate d(2).
-5
Let s be ((-16983)/1258)/((-18)/(-4)). Suppose -2*d + 24 = 4*l, -2*d + 5*l = 3*d. Let b(k) = -2*k + 0*k + d + 4*k**2 - 6*k**2. What is b(s)?
-8
Let g be (-83)/4 - (-198)/264. Let r(w) = 2*w**2 + 42*w + 40. Calculate r(g).
0
Let j(q) = 820*q**2 - 30*q + 20 + 14*q - 819*q**2. Give j(10).
-40
Suppose 103 = z + 101. Let k(t) = -4 - 11*t**2 - 18*t**z - 4*t - t + 28*t**2 + 0. Determine k(-3).
2
Let z(t) be the first derivative of -116 + 21*t + 1/2*t**2. Give z(-18).
3
Let o(m) = m**3 - 3*m**2 - 3*m + 1. Let d(t) = 3*t**3 + 14*t**2 - 6*t - 2. Let x be d(-5). Suppose 3*l - x*q + 3 = 9, q = 2*l - 4. What is o(l)?
-9
Let k = 95 - 91. Suppose 478 - 58 = k*r. Let h = r - 103. Let a(g) = -8*g + 2. Calculate a(h).
-14
Let b(v) = -4*v + 3*v - 2 + 4*v - 4*v. Let o(t) = 38*t - 3417. Let d be o(90). Give b(d).
-5
Let w = -217 + 210. Let d(c) = -9 + 8 + 2*c**2 + 3*c + 3*c**2 - 4*c**2. What is d(w)?
27
Let w(i) = 21*i**3 - 180 + 3*i**2 + 27*i**3 - 39*i**3 + 178 - i**2. Calculate w(-1).
-9
Let k(i) = -163*i**3 - 5*i**2 - 76*i + 28. Let d(o) = 261*o**3 + 8*o**2 + 121*o - 45. Let y(t) = 12*d(t) + 19*k(t). Determine y(1).
36
Let q be (-17)/(-3)*(10 - 7). Let f(y) = -37 - 38 + y - 30 + 82. Give f(q).
-6
Suppose 5*m + 23 - 43 = 0. Let z(w) be the first derivative of -w**3/3 - w**2 + w - 26. Determine z(m).
-23
Let q(c) = -2 + 0*c + 2*c**2 - c + 4*c. Suppose -195 = -6*d + 147. Suppose 27 = -28*a - d. What is q(a)?
7
Let o(l) = -l + 6. Let k(r) be the second derivative of -r**2/2 - 20*r. Let s(b) = -6*k(b) - o(b). Suppose 16*a = 62 + 34. Give s(a).
6
Let z(f) be the third derivative of -119*f**2 - 1/12*f**4 + 0 + 7/120*f**6 - 1/6*f**3 + 0*f - 1/60*f**5. Let g be (-2*1)/(0 + 2). Determine z(g).
-7
Let r(q) = q**2 + 23*q - 11. Let h(d) = 66*d**2 + 269*d - 4. Let l be h(-4). Calculate r(l).
13
Let d(u) = 2*u + 5. Let w(t) = 425*t**3 + 3*t**2 - 6*t + 4. Let z be w(1). Suppose -z = -3*v - 417. Determine d(v).
11
Let k(a) = -a**2 - 4*a - 6. Let b = -3 - -36. Suppose p - b - 22 = 0. Let i = p - 59. What is k(i)?
-6
Let o be ((-8)/(-5))/(10*(-4)/(-1300)). Let z(x) = -o*x + 0 + 1 + 50*x. What is z(-4)?
9
Let x(q) = 5*q**3 - 164*q - 163. Let t be x(-1). Let n(j) = 10*j + 27. What is n(t)?
-13
Let b(l) = 2*l**2 + 3*l - 92. Suppose -41*t - 144 - 52 = 173. Calculate b(t).
43
Let s = -7 + 2. Let r(t) = -1331*t**2 - t - 4 - 1274*t**2 + 2604*t**2. Give r(s).
-24
Let f = -84 + 88. Let r be (2 - 0)/((-6)/(-9)). Let b(y) = -r*y - 2*y + 1 + 0*y + 3. Determine b(f).
-16
Suppose -5*n + 4*l - 70 = 0, -40*l + 39*l - 45 = 5*n. Let y(o) = -o**2 - 7*o + 12. Determine y(n).
-18
Let x(q) = -16*q + 1 - 10*q + 2 + 2 + 25*q + q**2 + 3. Let w be 0/(0 - (-2 + 0)). Give x(w).
8
Let y be (-1)/5*-3 - 3038/(-245). Suppose -11*a - y = 9. Let g be (-5*(-1)/a)/((-2)/(-4)). Let f(l) = -l**2 - 5*l - 5. Calculate f(g).
-5
Let a(s) be the first derivative of -3*s**5/20 - s**4/24 - s**3/6 - 7*s**2/2 - 48. Let r(d) be the second derivative of a(d). Give r(-1).
-9
Let s(y) = y + 10. Let z = 240 - 94. Suppose 7*m + z = 83. What is s(m)?
1
Suppose -8*t - 120 = -56. Let a(p) = 5*p**2 + 39*p - 54. Let f(u) = 2*u**2 + 13*u - 18. Let o(x) = t*f(x) + 3*a(x). Determine o(12).
-6
Suppose -3*l + 1 + 23 = 0. Let p(i) be the second derivative of -i**5/20 + 3*i**4/4 - i**3 - 11*i**2/2 + 5527*i - 2. Give p(l).
5
Let o(n) = 53 - 17*n**2 - 9*n**3 + 8*n**3 - 44 + 19 - 28*n - 12*n. Calculate o(-14).
0
Let a(s) = 14 + 2*s**2 + 13 + 19 - 46 - 3*s. Suppose 2*v - 12 = -2*v. What is a(v)?
9
Let z(n) = n**2 + 20*n + 49. Let x be z(-17). Let l be ((-11)/x + -6)*(-8)/2. Let q(h) = h**3 - 3*h**3 + 2*h + 3*h**3 - 2*h**2 - 1. Calculate q(l).
3
Let s = -6 + 1. Let t(x) be the third derivative of x**5/60 + x**4/12 - 2*x**3/3 + 1445*x**2. Determine t(s).
11
Let b(t) = -4*t + t**2 + 9 - 9 - t. Suppose -4*r - r = n + 11, 0 = 4*r + 12. Suppose -2*x - 13 = -5*z, 0 = -n*x + 3*z - 6*z + 39. Calculate b(x).
6
Let i(g) be the first derivative of 0*g - 1/3*g**3 - 1 + 3/2*g**2. What is i(5)?
-10
Let l(j) = 10*j**3 + 1281 + 14*j**2 - 7*j - 6*j - 1264. Let m(v) = -7*v**3 - 9*v**2 + 9*v - 12. Let t(s) = 5*l(s) + 7*m(s). What is t(-7)?
15
Let c = 172 + -169. Let s(u) = u**2 + 6*u - 24. Let f be s(c). Let l(a) = a**2 - 3. Determine l(f).
6
Suppose 3*p + 0 + 3 = 3*t, -p + 15 = 3*t. Let i(d) = 4*d**2 + d + 8. Let m = -6 - 0. Let h(s) = -9*s**2 - s - 18. Let r(o) = m*h(o) - 13*i(o). Determine r(t).
8
Let z(a) = 17*a + 68. Let k be (-6)/(-12)*(7 + 0 + 50 + -69). Calculate z(k).
-34
Let m(o) = 1166*o - 8 - 2327*o + 1167*o. Give m(4).
16
Let r be (6 + 0)/3*-3. Let s(h) = -3*h**2 + 9*h**2 - 745159*h - 2 + 3 + 745162*h + h**3. Calculate s(r).
-17
Let k(x) = -x**2 + 17*x - 26. Let v = 18072 + -18056. Give k(v).
-10
Let k(t) = 3*t - 5. Let x = 9 - 14. Let c(n) = -5*n + 7. Let s(m) = x*c(m) - 8*k(m). Let v be (2 - 10)/(4 - 3). Give s(v).
-3
Let m(t) = -10*t**2 + 16288*t - t**3 + 3 - 16281*t + 2*t**3. Give m(9).
-15
Let q(s) = -29*s - 118. Suppose 9*y - 4*y - 10 = 5*w, 4*y - w = -10. Give q(y).
-2
Suppose 4*j - 2*f - 3*f - 52 = 0, 0 = j + 5*f - 13. Let p be 14 + -6 + (0 - j). Let v(t) = -t**3 - 6*t**2 - 4*t + 4. Give v(p).
-1
Let y(x) = 14*x + 73. Let c(s) = -s + 2. Let r(n) = 6*c(n) - y(n). What is r(-3)?
-1
Let i(r) = 2*r**2 + 18*r + 2. Suppose 3*b = -3*y - 2*y - 46, y - 2 = b. Determine i(y).
-38
Let m(x) = -x**3 + 16*x**2 - 14*x - 14. Let b = 351 + -355. Let f(v) = 2*v**2 + v - 13. Let r be f(b). Determine m(r).
1
Let d(f) = -6 + 0*f**2 - 4*f**3 + 5*f**3 + f**2. Let c(x) be the third derivative of 7*x**4/12 + 21*x**3 + 6*x**2 - 5. Let t be c(-9). Give d(t).
-6
Let i(p) = -2*p - 2*p + 12*p - 24*p**2 - 6*p - p. What is i(1)?
-23
Let c be 1 + -6*(-1)/(-2). Let v(k) be the first derivative of k**2/2 - 5*k - 31. Let z(o) = -o + 6. Let s(l) = -4*v(l) - 3*z(l). Calculate s(c).
4
Let z(n) be the third derivative of 3*n**4/4 - 7*n**3/2 + 8*n**2 + 8*n. Calculate z(2).
15
Let l(r) = r**3 + 14*r - 2. Let m(g) = 5*g**3 + 6*g**2 + 77*g - 1. Let o(a) = 6*l(a) - m(a). Give o(6).
31
Let q(i) = -i**3 + 8*i**2 - 9*i - 6. Suppose -6 = 6*p - 3*p. Let u(j) = j**3 - 7*j**2 + 9*j + 6. Let w(t) = p*u(t) - 3*q(t). Give w(9).
6
Let n(g) = -4*g**3 + 2*g**2 - 2*g + 1. Let j be (-3)/36*2 + 1931/(-6). Let k = j + 323. Give n(k).
-3
Let b(q) = -11*q + 4. Let t(x) = -5 + 6 + 29*x + 27*x - 54*x. Let v(i) = -b(i) - 5*t(i). What is v(5)?
-4
Suppose 0 = 2*f - 4*t + 3 - 5, 2*t - 65 = -5*f. Let p(k) = -11*k + k**2 - 13 + 2 + f. What is p(9)?
-18
Let i(h) = 5 + 2*h - h - 3. Let w(v) be the first derivative of v**4/4 - 5*v**3 + v**2/2 - 13*v + 18. Let x be w(15). Calculate i(x).
4
Let c(t) = -20*t**2 - 3*t - 5. Let j(w) = 17*w**2 + 3*w + 4. Let d(s) = 6*c(s) + 7*j(s). Let h = -9 + 11. Determine d(h).
0
Let z(w) = 9*w + 1608*w**2 + 6*w + 2*w + w - 1610*w**2 - 3. Give z(8).
13
Let c(q) = 7*q - 24. Let f = -13733 - -13734. Give c(f).
-17
Let n(v) = -v**3 - 9*v**2 - 22*v - 32. Let l be n(-6). Let a(m) = 2*m**2 + 18*m + 11. Calculate a(l).
-5
Let y(f) = 2*f**2 + 7*f + 2. Let r(c) = 12*c + 298. Let n be r(0). Let o = 292 - n. Determine y(o).
32
Let x(z) = 13*z**2 - 93*z - 2. Let u be x(7). Let a(d) = d**3 + 18*d**2 + 33*d + 7. What is a(u)?
-9
Let m(j) = -2*j - 1. Let b(n) = 3*n + 3. Suppose 88 = 23*o - o. Let q(a) = o*m(a) + 2*b(a). Give q(2).
-2
Let x(m) = 23*m + 1. Let g(a) = a. Let l(z) = 4*g(z) - x(z). Suppose -7*s = -82170 + 82177. Calculate l(s).
18
Let f(n) = n**3 - 70*n**2 - 146*n + 124. Let v be f(72). Let q(o) = o**3 + 19*o**2 - 16*o + 36. Calculate q(v).
-44
Let c(s) = -7*s + 1. Let d(g) = -38*g - 15. Let b(z) = 6*c(z) - d(z). G